{"id":3357,"date":"2021-06-28T09:21:14","date_gmt":"2021-06-28T12:21:14","guid":{"rendered":"https:\/\/gurumuebles.com.ar\/producto\/sillolin\/"},"modified":"2025-01-15T10:32:03","modified_gmt":"2025-01-15T13:32:03","slug":"sillolin","status":"publish","type":"product","link":"https:\/\/gurumuebles.com.ar\/test\/producto\/sillolin\/","title":{"rendered":"SILLOLIN"},"content":{"rendered":"<p>Material: Madera Pino Seco de horno<br \/>\nDise\u00f1o: Respaldo recto con bandeja<br \/>\nAltura al asiento: 75 cm<br \/>\nTapizado: No incluye<br \/>\nEsta silla de ni\u00f1o es ideal para edades desde los 8 meses a 3 a\u00f1os. Se puede personalizar en distintos tipos de acabados. La silla se encuentra encolada y clavada garantizando una excelente relaci\u00f3n precio calidad.<\/p>\n","protected":false},"excerpt":{"rendered":"<p>Material: Madera Pino Seco de horno Dise\u00f1o: Respaldo recto con bandeja Altura al asiento: 75 cm Tapizado: No incluye Esta silla de ni\u00f1o es ideal para edades desde los 8 meses a 3 a\u00f1os. Se puede personalizar en distintos tipos de acabados. La silla se encuentra encolada y clavada garantizando una excelente relaci\u00f3n precio calidad.<\/p>\n","protected":false},"featured_media":15419,"comment_status":"open","ping_status":"closed","template":"","meta":[],"product_cat":[87],"product_tag":[],"class_list":["post-3357","product","type-product","status-publish","has-post-thumbnail","hentry","product_cat-sillas-y-banquetas"],"_links":{"self":[{"href":"https:\/\/gurumuebles.com.ar\/test\/wp-json\/wp\/v2\/product\/3357","targetHints":{"allow":["GET"]}}],"collection":[{"href":"https:\/\/gurumuebles.com.ar\/test\/wp-json\/wp\/v2\/product"}],"about":[{"href":"https:\/\/gurumuebles.com.ar\/test\/wp-json\/wp\/v2\/types\/product"}],"replies":[{"embeddable":true,"href":"https:\/\/gurumuebles.com.ar\/test\/wp-json\/wp\/v2\/comments?post=3357"}],"wp:featuredmedia":[{"embeddable":true,"href":"https:\/\/gurumuebles.com.ar\/test\/wp-json\/wp\/v2\/media\/15419"}],"wp:attachment":[{"href":"https:\/\/gurumuebles.com.ar\/test\/wp-json\/wp\/v2\/media?parent=3357"}],"wp:term":[{"taxonomy":"product_cat","embeddable":true,"href":"https:\/\/gurumuebles.com.ar\/test\/wp-json\/wp\/v2\/product_cat?post=3357"},{"taxonomy":"product_tag","embeddable":true,"href":"https:\/\/gurumuebles.com.ar\/test\/wp-json\/wp\/v2\/product_tag?post=3357"}],"curies":[{"name":"wp","href":"https:\/\/api.w.org\/{rel}","templated":true}]}}